(42 - (7 - -13))).
-14
Evaluate -1 + 2 - (-107 + 96 + 5).
7
Evaluate -62 - (-7 + (14 - 15 - -7) - -10 - 4).
-67
What is the value of (-64 - -29) + -44 - -114?
35
What is the value of -145 + 140 - (-10 + -3 - (-2 + -2))?
4
(-3 - (5 - 11)) + -2 + -57 + (-1937 - -1933)
-60
What is 113 + (-306 - -98) + 111?
16
What is -13 + -3 + (937 - 958)?
-37
Calculate (42 - 47) + 7 + -1 + 5 + 2 + 0.
8
What is the value of 11 - (3 - (48 + -17)) - 5?
34
Evaluate -31 - (19 + 4 + -17 - 11).
-26
-6 + -1 + (-77 - -33 - 15)
-66
What is the value of (8 - (11 + 2)) + -12 + 8 - 29?
-38
What is the value of (-64 + 19 - -50) + (0 - 39) - 5?
-39
Calculate (-3 - 1) + (42 - (-1 - -21) - 19 - -91).
90
(-54 - 22 - -43) + 67
34
Calculate (-10 + 7 - 1) + -2 + 7 - (-5 + 29).
-23
What is the value of 3 + -5 + ((2 - 21) + 1 - -24 - 139)?
-135
Calculate -3 + 24 + 3 + 1 - ((36 - 48) + 6).
31
What is the value of (-29 - (-28 - 12)) + (-7 - -6) + -84?
-74
(73 + 16 - 101) + -2 + -46
-60
What is -23 + 40 + -22 + 8 + (-13 - 1) + -38?
-49
What is the value of 13 + -39 + 32 + -21 + 3 + 0 + 126?
114
Evaluate 7 + 3 + -2 + 2 - ((-22 - -91) + -6).
-53
(167 - (92 + 56)) + 1 + -22
-2
What is the value of -20 + (29 - 6) + -13 + 10 + -2?
-2
What is -28 + (9 + 2 - 9) + (0 - -6)?
-20
353 + -317 - (6 + -1 + 109)
-78
What is the value of 9 - (-10 + (-8 + 3 - (7 + 18 + -21)))?
28
Evaluate (-39 - -4 - 1) + (769 - 759).
-26
Calculate -98 + (-63 - -145) + (-1 - (3 + 49)).
-69
What is 235 + -268 + 4 - (-68 + -1)?
40
What is 22 - 8 - (6 + 39 + 14)?
-45
What is the value of (-56 - -4 - 2) + (-252 - -265)?
-41
-69 - 3 - (-712 - -692)
-52
What is the value of 1 - 1 - (146 + -341 + 135)?
60
What is ((158 - -1) + (-1 - 11) - (-5 - -7)) + -13?
132
What is the value of 56 + -5 + (13 + -26 - (1 + -13))?
50
Calculate 59 + 112 + -193 + (-26 - 2).
-50
What is (1 - -48) + -5 + (17 - 2 - -2)?
61
-2 - (20 + -14 - 20) - 66
-54
What is the value of 36 + -41 + 58 + -81?
-28
11 - (0 - 38 - (-141 + 120))
28
Evaluate 195 + 65 + (-154 - -7).
113
-8 - (40 + 47 + -73 - (0 + 0))
-22
Calculate -4 - (-8 + -6) - (6 + (-56 - (-14 - 4))).
42
What is (21 - 8) + 3 + 3 + -11 + (8 - 128)?
-112
What is the value of -42 + (37 + -47 - -35) + -27 + 0?
-44
What is (7 - -81) + 2 + -327 + 319?
82
-14 + (-15 - (-17 - (11 - 10) - -16))
-27
Calculate 70 - (16 + (26 - 15)).
43
Evaluate -74 + -2 - (78 + -63 + -35).
-56
1 + (-20 - (-27 + 10)) + 9 + 5
12
31 + (7 - 2) + -28 + 13 + 2
23
Evaluate 68 + -3 + (141 - 185).
21
What is the value of 91 - (10 + (22 - 21) + 2 + -26 + 13)?
91
Calculate -2 - (0 + -19 + -1 - -13 - -55).
-50
Calculate (-68 - 25) + 92 + 86.
85
-1 + -22 + 10 + -52 + 16
-49
Calculate -233 + 235 - (-4 - (37 + (-4 - -1))).
40
What is the value of -129 - 4 - (-2559 - -2500)?
-74
What is the value of (-25 - -72) + -25 - 27?
-5
Evaluate (3 - (-10 - (0 + -3))) + (-2641 - -2643).
12
Evaluate 53 - (39 - -5) - -11.
20
What is the value of 52 + -165 + 128 - (-1 - 44)?
60
Calculate -22 + (-2 - 6 - (-1 + (-11 - 28 - -30))).
-20
What is (-228 - -235) + (19 - 9) + 46?
63
What is 522 - 512 - (38 + (2 - (2 + -3)))?
-31
What is 2 + 94 + 20 + -22 + -9 + 18 + -9?
94
What is the value of 43 + -2 + 1 + (21 - -44 - 105 - -41)?
43
What is the value of (-8 - 26 - (52 - 61)) + 23?
-2
(0 - -101) + 0 + (-26 - (27 + 3 + -45))
90
-45 + -11 + 1 + (-13 + -2 - -32)
-38
(-113 - -75 - -48) + (-2 - -53 - 2) + 0
59
Calculate -78 + -24 + 47 + -39 + (20 - 1).
-75
Evaluate -34 - ((-569 - -563) + 2 + 12).
-42
Evaluate -1 - 23 - (114 + -89 - 32) - 13.
-30
Calculate (-5 - (-45 - -11)) + -40.
-11
-38 - (-3 + (0 - (10 + (3 - 20))))
-42
Evaluate -32 + 29 + 12 - (0 + 3 + 1 + 0).
5
What is the value of 418 + -478 - (-14 + 14 - (0 - 5) - 8)?
-57
Calculate -3 - (107 - -1) - (-42 + 66 - 35).
-100
Calculate -39 - (0 + -20 - ((55 - 60) + 0)).
-24
What is (36 - (9 - (-13 + -24))) + -1 + -71 + 2?
-80
What is the value of 58 + (54 - 123) + 9?
-2
What is -13 + 36 + -9 + (-4 - 8)?
2
Evaluate 15 - 1 - (16 - (36 - (-17 - -52))).
-1
What is 17 + (-61 + 4 - (-33 + 46 + -19))?
-34
Evaluate 28 + 3 + -42 + -5.
-16
Calculate 4 + (46 - -4) + (30 - (18 + 14)).
52
Calculate -4 + (-30 - -6) + (-159 - -162) + (-7 - 1).
-33
What is 50 - (-154 + 156 + -2 + -1)?
51
-75 + 385 - 50 - 120
140
What is the value of 7 - (-118 - -84 - -14)?
27
Evaluate 57 - 53 - (9 + 58).
-63
What is the value of 19 + (19 - 38) + 1 - (-46 - 1)?
48
What is 36 + (1 - ((10 - 0) + 20 + -6))?
13
What is (4 - 11) + 78 + 8 + (4 - 13)?
70
8 + 1 - (-935 - -971 - (2 + (1 - 18)))
-42
What is the value of (5 - -1) + -103 + 9 + 72 - -67?
51
64 + 10 + -52 + 32
54
Evaluate -80 - (6 - 63) - (0 - -19).
-42
What is (-2 - 8) + (138 + -308 - -202)?
22
What is the value of 0 + -1 - 39 - (-2062 - -2026 - (-27 + 1))?
-30
Calculate -6 + 83 - (226 + -129).
-20
What is 146 - ((-48 - -79 - 43) + 53)?
105
82 + -45 + -27 + 45
55
What is (1 - 181) + (1258 - 1135)?
-57
Calculate 27 - -19 - (-14 + (-5 - 2) + 0 + 13).
54
(-26 - ((-72 - -38) + -2)) + (-1 - (0 - 12))
21
What is the value of -1 - (-43 + (-2 - -2) - (-1829 + 1827))?
40
Evaluate -70 + (2 - 46 - (-343 + 342)).
-113
What is (6 - (-7 + -6 + 15 - 5)) + (-50 - 0)?
-41
What is the value of -99 + 5 + 36 + 3 + -2 + -1?
-58
What is 157 + (-114 - (96 + -83))?
30
-107 - (-9 + (13 - (10 + 9))) - (-10 - -1)
-83
What is -3 + 4 + (49 - 24) + 0 + 2?
28
-117 + (0 - -24 - (-240 - -242))
-95
Evaluate 109 + (-75 - (81 - 90)).
43
What is (44 - (84 + -21) - (-6 + 1)) + -110?
-124
What is the value of (-10 - -2) + -10 + (-22 - -24) + 136?
120
Evaluate 24 - 23 - (5 + (68 - (-1 + 3))).
-70
Evaluate 840 - 807 - (-5 + 35 - -2).
1
What is 14 + (-9 - 6) + 9 - (205 - 89)?
-108
Calculate 25 + 1 - (-100 + (305 - 232)).
53
29 - (0 + -3 - (31 + -13))
50
What is the value of 29 + -9 + (236 - 315)?
-59
Calculate (34 - (-29 - (87 + -15))) + -27.
108
What is the value of 20 + -23 + (-162 - -170)?
5
Evaluate -187 + -8 - -97 - -131.
33
What is -33 + (-32 + 16 - 14) + 7?
-56
What is (1063 - 1080) + 4 + -2 + 21 + 7?
13
What is the value of (0 - 21 - (1 - 1)) + 497 + -486?
-10
What is 3 - 2 - (40 - (2 + 43 + -27))?
-21
Calculate -654 + 619 + 30 + 0.
-5
What is -14 + (-8 - -47) + -15 + 60 + 1?
71
What is the value of -6 + 152 + -148 + 3 + -16?
-15
What is the value of 1 - 92 - (2510 - 2558)?
-43
What is the value of -20 - -42 - (37 - 12) - -1?
-2
What is ((-60 - -39) + (-1 - -12) - (-4 - -1)) + 13?
6
What is -48 + 87 + -30 - (-1 - -7) - -28?
31
(-67 + -83 - -273) + (-40 - -4)
87
Evaluate -1 + (-281 - -266 - (1 - -32)).
-49
Calculate -68 + 53 - (12 - (1 + 4)).
-22
What is -21 + (41 - -20) + -2 - 7?
31
What is the value of 32 - (21 + 71) - -94?
34
Evaluate -40 + ((2 - 7) + -2 - (-80 + 33 - -46)).
-46
(21 - 3 - (-23 + -24)) + (1 - 3 - 4)
59
Evaluate 33 + (19 - 56) + 18 + 6 - -15.
35
What is the value of (9 - (2 + 15 - (0 - -11))) + 25?
28
15 - ((54 - 1) + (1116 - 1131))
-23
Evaluate -51 + (-7 - (53 + -69 + (4 - 4) + 6)).
-48
Calculate (-36 - (-55 + -85)) + -28.
76
What is the value of 143 + (-135 - -53) + -28?
33
Calculate -39 + (4 - (-36 - 17)).
18
Calculate 70 + (44 - 37) + -31.
46
Calculate 170 + -124 - (-3 + (16 - -2)).
31
8 + 12 + -7 + 26 + (-43 - 14)
-18
What is the value of (-2 - (7 + -2 + 67)) + 19?
-55
Evaluate (-19 - -2) + 2 - 57 - -12.
-60
Calculate 11 + (-21 - -4) - 8 - (2 + (-2 - 4)).
-10
Evaluate 11 + -16 + -1 + 4 + (-6 - -1 - -3).
-4
What is (-7 + 34 - 30) + (5 - 9) + -47?
-54
What is (0 - 64) + (-8711 - -8743)?
-32
What is -3 - (-59 - -30 - -62)?
-36
Calculate -77 + (6 - -1) - (29 + -45) - 6.
-60
Calculate (-5 - 15 - -24 - -14) + 2 + 3.
23
What is the value of (-112 - -33 - 29 - -21) + -18?
-105
48 - 17 - (-25 + 97)
-41
What is the value of -22 + 10 - -52 - 58 - -12?
-6
What is the value of -7 - ((-26 + 33 - -14) + -4 + -1)?
-23
(-2 - (5 - 1)) + (39 + -18 - (6 + -20))
29
(-7 - -1) + ((2 - 29) + 23 - -9) - 26
-27
7 + (-55 - (6 - 27 - -25))
-52
Evaluate 7 + (40 - (4 + -10 - -11) - (1 + -1)).
42
Evaluate (-6 - (34 + -50) - (3 + 10)) + (-88 - -2).
-89
What is -9 + 11 + -8 + -11 + -2 + -10?
-29
Calculate 2 + 1 + -164 + 153 + (10 - 33).
-31
What is 52 + -186 + 53 - (1 - -2)?
-84
Evaluate (-7 - -6) + -8 - (-49 - -21).
19
Calculate -72 + 12 + -157 + 268.
51
-8 + -4 + (-8 - (1 + 15) - 2)
-38
Evaluate 169 + 2 + -25 + 43 + -60.
129
Calculate